the highest common divisor of t and 46.
46
Let s(u) = -35*u - 889. Let h be s(-35). Calculate the greatest common factor of 392 and h.
56
Let j(s) = 14*s**3 + 6*s**2 - 9*s - 2. Let r be j(3). Suppose -4*a = -4*w - 68, 2*a + 8*w - 6 = 3*w. Calculate the greatest common factor of a and r.
13
Suppose 3*j + 1554*z - 1553*z - 601 = 0, -2*j + 403 = z. What is the greatest common divisor of j and 1023?
33
Let c(l) = -l**3 - 13*l**2 + 31*l + 37. Let u be c(-15). Suppose 4*t + 5*i = 48, 19*t = u*t - 4*i - 5. Calculate the greatest common factor of t and 77.
7
Let a = -11363 + 11839. What is the highest common divisor of a and 1292?
68
Suppose -12 = 4*m, o + m - 3980 = 33. Calculate the greatest common divisor of 48 and o.
16
Let p be 42/(-63) + 8/12. Suppose 5*j = 3*j + c + 422, 3*c + 6 = p. What is the highest common divisor of j and 10?
10
Let k(d) = -80 + 130*d - 121*d + 13. Let c be k(16). What is the greatest common divisor of c and 22?
11
Let i = 269 - 387. Let c = 121 + i. What is the highest common factor of 33 and c?
3
Suppose -1379 = -57*g + 50*g. Calculate the highest common divisor of g and 2.
1
Let s(g) = -5*g**2 - 93*g + 136. Let b be s(-19). Suppose 5*z = 3*z + 28. What is the highest common divisor of b and z?
14
Let h be (12 + -15 - 0 - (-398)/(-3))*-3. Suppose -3*n = 3*v - 108, 2*v + 11 = 5*n - 176. Calculate the highest common divisor of n and h.
37
Suppose 114*g = 37551 + 135615. Calculate the greatest common divisor of 62 and g.
31
Let a(u) = 18*u**2 + 46*u + 96. Let n be a(-4). Calculate the greatest common factor of 2700 and n.
100
Suppose 902 + 3445 - 1147 = 4*x. What is the greatest common divisor of 200 and x?
200
Let o(v) = -v**2 - 12*v - 25. Let i be o(-9). Suppose i*k - k = 63. What is the highest common factor of 42 and k?
21
Let s = -3 - 2. Let w be 18/s - (108/20 - 6). Let q be 2/w + (-1)/(18/(-1092)). What is the highest common factor of 24 and q?
12
Suppose 3*q + 9*q - 48 = 0. Suppose -q*p = 5*c + p - 755, c - 145 = -3*p. Calculate the highest common divisor of 28 and c.
14
Let x be 8/(-36) - 249/(-27). Let b(h) = h**2 - 21*h + 243. Let q be b(0). What is the highest common factor of q and x?
9
Let l be ((-303)/4*-3)/((-2130)/360 + 6). Calculate the greatest common divisor of 5757 and l.
303
Let h be 10*(((-728)/(-16))/(-13) + 7). What is the highest common factor of 259 and h?
7
Let i be 2 + (402 - (3 - 1)). Let w be 6 + (-3 - -5) + i. Calculate the greatest common factor of 10 and w.
10
Let g = 14 + 18. Suppose -3*j = -2*o + g, j = -0 + 2. Suppose -l + 10 = -o. What is the highest common divisor of l and 261?
29
Let i be 4/(-10)*197025/(-370). Calculate the greatest common factor of 24 and i.
3
Let x(a) be the third derivative of -1/8*a**4 + 0 + 8*a**2 + 0*a + 11/6*a**3. Let q be x(-9). What is the highest common divisor of 38 and q?
38
Let f = -13 - -23. What is the greatest common divisor of 430 and f?
10
Let x be (-14988)/(-30) + 6*4/60. Suppose 206 = n + t - x, -5*n + 3526 = 3*t. What is the greatest common factor of 11 and n?
11
Let b(x) = -3*x**2 - 120*x - 63. Let c be b(-38). Let l = -205 - -310. Calculate the highest common factor of l and c.
15
Let x(l) = l**3 + 34*l**2 + 277*l - 39. Let u be x(-17). What is the greatest common divisor of 180 and u?
15
Let j(x) = -97*x + 1187. Let k be j(-22). What is the highest common divisor of k and 243?
81
Suppose -127 = -3*j + 5*n + 149, 4*j = -8*n + 456. What is the highest common factor of j and 1496?
34
Let r = -297 + 300. Suppose -2*m - h + 299 + 271 = 0, -4*m + r*h + 1140 = 0. What is the highest common divisor of 475 and m?
95
Let n(w) = 2*w**2 + 18*w + 3. Let k be n(-17). Suppose -97*x = -66*x - 1550. Calculate the greatest common divisor of k and x.
25
Let z(f) = -27*f + 388. Let k be z(14). What is the highest common factor of 7190 and k?
10
Let d = 7801 - 7363. What is the highest common divisor of d and 803?
73
Let c be ((-99)/55*5)/((-6)/8). Calculate the greatest common factor of c and 852.
12
Let p be 10 - -8 - 17 - -15. Let t be 12/(-15)*-1*20. Let m = 48 - t. What is the greatest common factor of p and m?
16
Let m = 5661 - 4029. Calculate the greatest common factor of 48 and m.
48
Suppose -3*k + 3230 = 4*m, -1746 = -2*m - 2*k - 130. Calculate the greatest common factor of 682 and m.
62
Suppose 127*s - 308566 - 247694 = 0. Calculate the highest common divisor of 120 and s.
60
Let b = -258 - -276. Suppose o + 2 = 3*o - n, 0 = -3*o + 4*n - 2. What is the highest common divisor of o and b?
2
Suppose 4*a + 28 = v - a, 2*a + 1 = -3*v. Suppose i + 2*l - 32 = 0, 60*i - 52 = 58*i - l. What is the highest common factor of v and i?
3
Suppose 0 = 27*d - 1651 + 247. Calculate the greatest common divisor of d and 1417.
13
Suppose -2*q - 3*a - a - 4 = 0, 5*q + 4*a + 4 = 0. Let v be (-3)/(-7) - (-1104)/168. Suppose q*t + t = v. Calculate the highest common divisor of t and 21.
7
Let s = 94 + -46. Let i = -861 + 879. Calculate the highest common divisor of s and i.
6
Let d(t) = 34*t - 363. Let o be d(11). Calculate the highest common divisor of 4026 and o.
11
Let i(b) = 3*b + 9. Let t be i(-3). Let v be 19 + 5 + (2 - t). What is the highest common divisor of 65 and v?
13
Let d be 21*-22*162/(-63). Let k be d/9*(-9)/(-27). Calculate the highest common factor of 4 and k.
4
Suppose 0 = -5*b + z + 4113, 0 = -2*z - 7 + 1. What is the highest common factor of 60 and b?
6
Let y = -589 + 759. Calculate the highest common factor of y and 250.
10
Suppose -11*b + 153104 = -138044. Calculate the greatest common divisor of b and 52.
52
Suppose 294 = 24*o + 198. Let x(k) = k**2 + 10*k + 8. Let n be x(-9). Let b be n*(4 - 0)*-2. Calculate the greatest common divisor of o and b.
4
Let z(j) = 152*j - 740. Let v be z(8). Suppose -4*o = s - 17, -19 = -2*s - 2*o - o. Suppose b + v = s*b. What is the greatest common factor of 34 and b?
17
Let t be 251 + 2/(10/(-35)). Let a = -187 + t. What is the greatest common factor of 19 and a?
19
Let l = -19783 - -19900. What is the greatest common factor of l and 52?
13
Suppose -v + 0 + 2 = 0. Let f be ((-684)/42)/(-6) - v/(-7). Suppose -f*t + 65 = 2*t. Calculate the highest common divisor of t and 65.
13
Let l = 1956 + -1945. Let y(h) = -6*h - 2. Let p(b) = -12*b - 4. Let t(m) = 6*p(m) - 14*y(m). Let z be t(7). What is the highest common divisor of l and z?
11
Let j = 622 - 232. Let w be (-52)/j + 5404/30. Calculate the greatest common factor of w and 12.
12
Let b(c) = c**3 - 9*c**2 - 23*c + 36. Let v be b(11). Suppose -1805 = 6*y - v*y. What is the greatest common divisor of 38 and y?
19
Let y(g) = 50*g**3 - 2*g**2 - 3*g + 4. Let z be y(1). Suppose 0 = 19*v - 513 + 114. What is the highest common divisor of z and v?
7
Suppose -13*o + 50 = -2. Suppose -3*l - 24 = -2*d - 8*l, 12 = d + o*l. Calculate the highest common divisor of 76 and d.
4
Suppose 3*t + 70*g - 74*g = 66258, -5*g + 44195 = 2*t. Calculate the highest common divisor of t and 188.
94
Let d be (-710)/16 - (-6)/16. Let c be (-18 + 0)*d/8. Suppose 279 = 7*x - c. What is the highest common divisor of x and 6?
6
Suppose 0 = 5*n + f - 558, n + 2*n + 5*f = 348. Let r be (-19)/(95/(-6)) - ((-192990)/75)/14. What is the highest common factor of r and n?
37
Let p(z) = 1240*z + 1264. Let d be p(6). What is the greatest common divisor of d and 17?
17
Let b be 2/(-12)*3*(-2 + 2). Suppose 4*f + 6*n - 5*n - 352 = b, 0 = -5*f + n + 431. What is the highest common factor of f and 348?
87
Let m = 5859 + -1605. Calculate the highest common divisor of 12 and m.
6
Let s be (-208420)/(-65) - (-270)/(-585). What is the greatest common factor of s and 126?
14
Let k(w) = 90*w**2 + 33*w - 3. Let x be k(2). Calculate the highest common factor of 1128 and x.
141
Suppose -2*f - 76 = p + 3*p, 2*f - p + 76 = 0. Let o = 137 - f. What is the greatest common divisor of o and 25?
25
Let v = -4768 + 5632. Calculate the greatest common factor of 64 and v.
32
Suppose -3*o - 2*k - 1 = -8, -o = -2*k - 13. Let l be ((-16)/4*o)/((-2)/16). Calculate the greatest common factor of 30 and l.
10
Let h(a) = -a**3 + 25*a**2 - 46*a + 7. Let r be h(23). Suppose 24*f - 170 = r*f. What is the greatest common factor of 2 and f?
2
Let x(n) = 13*n + 116. Let v be x(-5). Let m = v - 35. Calculate the highest common factor of m and 80.
16
